nits digit of g?
7
Let q(l) = 39*l**3 + 8*l**2 + 19*l - 147. What is the tens digit of q(6)?
7
Let d = -9 - 13. Let p = d - -24. Suppose r + n - 1 = -r, 5*r - p*n - 25 = 0. What is the units digit of r?
3
Let u(p) = 336*p + 548. What is the units digit of u(43)?
6
Suppose 2326 = 14*l - 9*l - q, l - 3*q = 468. What is the units digit of l?
5
Let i(f) = 209*f + 184. Let r be i(25). Suppose 0 = z + s - 1351, 63*z - 5*s = 67*z - r. What is the hundreds digit of z?
3
What is the hundreds digit of 2 + 5 - ((-4093515)/30)/(-17)*-4?
1
Let o = 23234 - 15218. What is the thousands digit of o?
8
Suppose -11488 = -2*u - m, -3*u + 11*m + 8600 = -8632. What is the thousands digit of u?
5
What is the ten thousands digit of 1/(((-7528840)/(-1188759) - 8) + 10/6)?
3
What is the units digit of ((-219)/6)/(-6 + 4700/784)?
4
Suppose -128 = 13*r - 5*r. Let m be 408/r*(16/(-6) - -2). Let o = 58 - m. What is the units digit of o?
1
Suppose -38*v + 186 = 72. Suppose h + h - 84 = 0. Suppose -m + z = 4*m - h, -v*m = 4*z - 39. What is the units digit of m?
9
Let i(z) = z**3 + 46*z**2 - 124*z - 246. What is the units digit of i(-48)?
8
Let a be (1 - -2)*2/(-6). Let b(p) = 143*p + 11. Let v(g) = -501*g - 39. Let z(t) = -18*b(t) - 5*v(t). What is the tens digit of z(a)?
6
Let m = 641 - 570. Let t = m - -913. What is the tens digit of t?
8
Suppose 0 = o + 4*n + 7, -5*o + 0*n = n - 22. Suppose 2*k - 8*d + 4*d = 2496, 0 = -4*k - o*d + 5044. What is the units digit of k?
6
Suppose -3*b - 4*t = 10429, 5*b = -4*t - 2758 - 14629. What is the hundreds digit of 4/7*b/(-2)?
9
Let i = -93 - -94. Suppose -q - 5*d + 5 = 4*q, 3*q + i = -4*d. Suppose 105 + 129 = 2*j - 5*x, 647 = q*j + 3*x. What is the tens digit of j?
2
Suppose -t - 990 = 4*t. Let r = t + 288. Suppose l - 4*f - r = 0, 0 = -3*l + 3*f + 83 + 178. What is the units digit of l?
6
Let h = 18918 + -16269. What is the tens digit of h?
4
Let k(u) be the second derivative of 5*u**3/6 + 16*u**2 - 5*u. What is the units digit of k(18)?
2
Let z(w) = 3*w + 55. Let s be z(0). Let r = 59 - s. Suppose 5*o = 3*o - 3*a + 242, r*o - 4*a = 504. What is the tens digit of o?
2
Suppose 30 = -8*k + 6*k. Let o = k + 31. Let y(h) = h**2 - 3*h + 46. What is the units digit of y(o)?
4
Let c(u) = -6*u + 5. Suppose -3*w - 2*i - 6 = 0, w - 15 = 3*w + 5*i. Suppose -4*j + w*b + 3*b = -7, 5*j + b = -15. What is the units digit of c(j)?
7
Let s(w) = -56*w**3 - 11*w**2 - 66*w - 395. What is the units digit of s(-5)?
0
Let p = 6000 - -1213. What is the hundreds digit of p?
2
Let d(z) = -z - 25. Let k = -5 - 2. Let h be d(k). What is the units digit of (-705)/(-18) + 3/h?
9
Let c = 123 + -127. What is the tens digit of 3/c + 8758/232?
3
Suppose 0 = 172*d + 328919 - 2552879. What is the ten thousands digit of d?
1
Let c(r) = 23*r + 265. Let q be c(-11). What is the tens digit of (q + -15)/((-1)/8)?
2
Let r(v) = -v**3 + 12*v**2 + 17*v - 26. Suppose 32 = 5*s - 3*k - 30, 0 = 4*s + 3*k - 55. Let w be r(s). Let m = w + 48. What is the tens digit of m?
7
Let s = 221 + -417. Let i = 416 + s. Suppose -4*t = t - i. What is the units digit of t?
4
Suppose -34*p - 56752 = -275441 - 59839. What is the tens digit of p?
9
Let q(y) = 3014*y - 8. Let z be q(1). Let k = -1655 + z. What is the thousands digit of k?
1
Let z(f) = -4*f - 45. Let q be z(-12). Let m = 3 - 2. What is the units digit of -49*(0 - m)*q?
7
Suppose 4*u = -3*l + 15135, -5*l + u + 20925 = -4254. What is the hundreds digit of l?
0
Suppose -891*y + 11670763 + 24199850 = -112*y. What is the ten thousands digit of y?
4
Suppose o = 2*i - 7*i + 28, 0 = -5*i + 2*o + 34. Suppose i*j = -5*j + 3080. What is the hundreds digit of j?
2
Suppose 157 - 265 = -2*d. What is the units digit of -411*-3*12/d?
4
Suppose 2*j + 5*l - 43 = 0, -8 = -j - l + 18. Suppose -10*a - 11 = -11*a. Let i = j + a. What is the tens digit of i?
4
Let q = 14085 - 5443. What is the tens digit of q?
4
Suppose 68*c + 787 = -29*c + 192556. What is the hundreds digit of c?
9
Suppose 14 = -2*m - 84. Let v = 169 - 145. Let s = v - m. What is the tens digit of s?
7
Let x(t) = -8*t + 56. Let i be x(7). Suppose i = -4*o + 159 - 139. Suppose q = -y + 143, -y + 251 = y - o*q. What is the units digit of y?
8
What is the ten thousands digit of ((222/74)/(3/(-2)))/((-12)/169278)?
2
Let d = -275 - -120. What is the units digit of (-15)/(((-40)/d)/(-8))?
5
Let q be 4 - (0/5 - (2 - 4)). Suppose -2*d + q*s + 16 = 0, 0 = -d - s - 0 - 2. What is the units digit of ((-50)/(-4) - d)*(3 - -5)?
6
Let u(w) = 63*w - 1. Let g be u(6). Let v = 257 - g. Let r = v + 218. What is the tens digit of r?
9
Suppose 6*f = 5*f + 45. Suppose 9*d = 18*d - f. Suppose 0 = -2*a - z + 420, d*a + 3*z - 4*z - 1036 = 0. What is the hundreds digit of a?
2
Suppose -7*z - 7852 = -38652. Suppose -z = 10*c - 6*c. What is the tens digit of (12/10)/((-30)/c)?
4
Let k(g) = 60*g**2 - 123*g + 2364. What is the tens digit of k(18)?
9
Let m(f) = -2*f**3 - 2*f**2 - f + 5. Let d be m(-4). Let o = 206 + -137. Suppose -2*l = o - d. What is the units digit of l?
8
Let s(f) = f**3 - 63*f**2 + 181*f - 1285. What is the ten thousands digit of s(67)?
2
Let w(f) = 8*f**2 + 11*f - 75. Let d be w(-13). Suppose -x - 3 = 0, -3*p - 8*x = -7*x - d. What is the hundreds digit of p?
3
Let z = -37402 - -91580. What is the units digit of z?
8
Let c(a) = -2*a**2 + 5*a - 6. Let z be c(2). Let l be z/(-10) - (2 + (-198)/30). Suppose 3 - 6 = k, -l*g + 118 = -k. What is the tens digit of g?
2
Let t = -50266 - -92944. What is the tens digit of t?
7
Let g = 8635 + 6734. What is the hundreds digit of g?
3
Let z = -224 - -436. What is the hundreds digit of (z/16)/((-1)/(-160)*4)?
5
Let l(h) = 12*h + 7. Let x be l(-1). Let u(k) = -1. Let c(a) = 18*a - 5. Let s(r) = -c(r) + u(r). What is the tens digit of s(x)?
9
Suppose 5*a + 6497 = 3*s, -1094 = -s + 2*a + 1070. What is the units digit of (s - (-1 - -1))*(-32)/(-64)?
7
Let m = 96 - 94. Suppose 5*o - 4*c = 678, -2*c + c = m. What is the tens digit of o?
3
Suppose 3*i + 0*i - 816 = 0. Let j be (-14)/(-140)*15*2. Suppose 4*o - v + i = 736, 4*v = -j*o + 329. What is the units digit of o?
5
Suppose -2*q = -85 + 81, -b + 8323 = -3*q. What is the hundreds digit of b?
3
Let q be (-1 - 0) + 8 + 214. Suppose 2*w - 199 - q = 0. What is the units digit of w?
0
Let w(u) = 10*u**2 - 3*u - 32. Let m be w(-4). What is the tens digit of (940/7)/(40/m)?
7
Let u(t) = 2*t**2 + t. Let c be u(-5). Suppose -4*f - 116 = 4*q, -5*q = 5*f - 3*q + 139. Let h = f + c. What is the tens digit of h?
1
Suppose 61*n = -r + 63*n + 21034, 4*r - 84190 = -n. What is the hundreds digit of r?
0
Let v = -19401 + 34301. What is the thousands digit of v?
4
Let y(c) = 124*c**2 + 7*c + 74. Let h be y(-6). Suppose -h = 84*f - 88*f. What is the hundreds digit of f?
1
Let q be 3/(81/6) - 12628/(-36). Let c = q + -16. What is the units digit of c?
5
Suppose -3*h + 11 = -w, 2*h + 0*h - 10 = -2*w. Suppose -o = 2*c - 243, 5*o + h*c - 1145 = 8*c. What is the units digit of o?
3
Suppose b - m - 26 - 13 = 0, -m + 33 = b. Suppose b*a + 876 = 34*a. What is the units digit of (41/123)/((-2)/a + 0)?
3
Suppose 0 = k + 14 - 17. Suppose 0 = 3*z + 4*r + 3, 4*z + k*r + 1 + 3 = 0. What is the units digit of (z + -1)/(4/(-102))?
1
Suppose -20*i + 93039 = 8679. What is the tens digit of i?
1
Suppose 148 = -5*v + 3*l + 2223, 0 = -3*v - 5*l + 1211. Let a = -143 + v. What is the units digit of a?
9
Suppose -7*q + 391 = 83. Let r = -24 + q. Let y = -12 + r. What is the units digit of y?
8
Let k(v) = 9*v**2 + 30*v - 2. Let a be k(-25). Suppose 19*g = 8*g + a. What is the hundreds digit of g?
4
Suppose 0 = -25*b + 46*b + 240*b - 18531000. What is the thousands digit of b?
1
Let r(f) be the third derivative of f**5/60 + 5*f**4/24 - f**3/6 + 50*f**2. Let q be r(-5). What is the tens digit of q*(-2 - (177 + 4))?
8
Let g(v) be the third derivative of -v**6/60 + v**4/24 + 103*v**3 + 3*v**2 + 6. What is the units digit of g(0)?
8
Let n(j) = j**3 - 20*j**2 - 23*j + 37. Let p be n(21). Let u(k) = -5*k**2 + 5*k + 2. Let g be u(p). Let f = -53 - g. What is the units digit of f?
5
Suppose 2*a = 4*j + 38, -2*a + 22 = -j - 10. Suppose 10*r - a = 5*r. Suppose r*p = 8*p - 355. What is the units digit of p?
1
Let n = -11532 - -16891. What is the tens digit of n?
5
